est common factor of c and 91.
13
Let c(u) = u**3 - 11*u**2 + 2*u + 4. Let t be c(11). What is the highest common divisor of 104 and t?
26
Let l(a) = a**2 + 8*a + 5. Let f be l(-8). Calculate the highest common factor of 45 and f.
5
Suppose 44 = 5*p + n - 10, -2*n - 2 = -p. Suppose p = r - 3*r. Let g be 23/3 + r/(-15). What is the highest common divisor of 8 and g?
8
Let t be (-1)/(1 - 2) - -2. Suppose x = 3*m + 3*x - 2, -3*m - 3*x - t = 0. What is the highest common factor of 8 and m?
4
Let n be ((-4)/3)/(3/(-54)). Let h = n - -4. Suppose 3*v = 6*v, v = -2*i + 8. Calculate the greatest common divisor of i and h.
4
Suppose -294 = -5*f + 201. What is the highest common divisor of 11 and f?
11
Let l = 3 - 3. Suppose 0*u + 5*u + v = 401, 4*u + 2*v - 316 = l. Suppose 3*g - 15 = 12. Calculate the greatest common divisor of u and g.
9
Let x = 56 + -38. Calculate the greatest common factor of x and 27.
9
Let y(g) = -g**3 - g**2 + g + 5. Let j be y(0). Let h = 1 + j. Let b be 8/((-3)/h*-1). What is the greatest common factor of b and 2?
2
Suppose -4*y + q = -3*y - 14, -5*q - 30 = -y. Calculate the highest common factor of y and 20.
10
Suppose 7 = a + 2. Let s = 40 + 91. Let b = s - 76. What is the highest common factor of a and b?
5
Let k be (-356)/20 - (-2)/(-10). Let x = k - -20. Calculate the greatest common factor of 16 and x.
2
Let b(m) = 6*m**2 + 3*m. Let s be b(4). Calculate the highest common divisor of 12 and s.
12
Let z be (62/(-6) + -1)*-3. Suppose 0 = -2*f - 2 - 2. Let p be ((-9)/6 - f)*z. Calculate the highest common divisor of p and 17.
17
Let f(s) = 7*s - 1 - 2 + 7. Let i(o) = 11*o + 6. Let b(d) = 8*f(d) - 5*i(d). Let r be b(5). Calculate the highest common divisor of r and 7.
7
Suppose s + 0*s = 273. Let u be (-42)/s - 2186/(-13). Calculate the highest common divisor of 21 and u.
21
Let a be 3 - 1/(3/(-111)). Let o be a/12 - (-2)/(-6). Let v = 9 - o. Calculate the greatest common factor of v and 3.
3
Suppose -k = -j - 27, k + 2*k = -2*j + 86. Suppose c - k = 8. Calculate the greatest common divisor of 9 and c.
9
Suppose k - 2*w = 3*w - 21, -3*w = -3*k - 3. What is the greatest common divisor of 36 and k?
4
Let o(f) = -f**3 - 15*f**2 + 17*f + 17. Let h be o(-16). What is the highest common factor of 5 and h?
1
Let t be (-34)/(-85)*(-1 + 31). Calculate the highest common factor of 9 and t.
3
Let j = 51 - 18. Calculate the highest common factor of 3 and j.
3
Suppose 0 = -0*w - 4*w - 76. Let q = -12 - w. Let o be q + 2/(-1 + 0). Calculate the highest common factor of o and 25.
5
Suppose 5*d - 9 = 2*t, -5*d + 19 = -5*t + 4. Let r be (3 + 4)/(-1) - -3. Let k = 1 - r. Calculate the greatest common divisor of d and k.
1
Let u = -2 + 30. Suppose -47*g = -43*g - 16. What is the greatest common factor of g and u?
4
Suppose s - 7 - 14 = 0. Calculate the highest common divisor of s and 105.
21
Suppose 0 = t - 2, -2*t - 3*t = 3*b - 94. Suppose -5*n - 2*r = r - 35, 5*r + 28 = 4*n. Calculate the greatest common divisor of n and b.
7
Let u = 12 - -12. What is the highest common divisor of 12 and u?
12
Let g be -4*(0 + (-4)/2). Let r(n) = n + 2. Let o be r(g). Calculate the greatest common divisor of 90 and o.
10
Let l be (-3)/2 - (-111)/6. Let v be 1383/27 - (-4)/(-18). What is the highest common divisor of l and v?
17
Let d be 1*6*(-1)/2. Let w be (2 - -1)/d*-72. Suppose 8 = k - 0. Calculate the greatest common divisor of w and k.
8
Let a be (6/(-2))/((-3)/2). Suppose 2*g - 2 = 5*g + 4*h, -2*g - 1 = 3*h. Let z be ((-3)/g)/((-6)/(-16)). What is the highest common factor of a and z?
2
Suppose -5*k + 3*t + 20 = 0, 6*k = k + 5*t + 20. What is the highest common factor of k and 1?
1
Let v(a) = -a**3 + a**2 + 13. Let b be v(0). Calculate the greatest common divisor of 13 and b.
13
Let f(h) be the first derivative of 5*h**2/2 + h + 4. Let z be f(1). What is the highest common divisor of 9 and z?
3
Let g be 9 + ((-4)/2)/1. Suppose 23 = 3*c - g. What is the greatest common divisor of c and 4?
2
Let h be ((3 - 2) + 0)/(-1). Let f(u) = -3*u. Let r be f(h). Let n be r/(-6) - 15/(-2). Calculate the highest common factor of 49 and n.
7
Suppose 3*a = 4*l - 15, -3*l + 0*a = -3*a - 15. Let n be 16 - (2 - 2) - l. Calculate the greatest common divisor of 4 and n.
4
Let w(c) = 18*c. Let p(z) = z**2 - 7*z - 11. Let x be p(8). Let r be w(x). Let j be ((-8)/(-3))/((-1)/r). What is the greatest common divisor of j and 16?
16
Suppose -145 = -5*u - 5*s, 3*u = 3*s - 3 + 96. What is the greatest common factor of 6 and u?
6
Let f = -158 - -333. Let i be f/(-10)*12/(-3). Calculate the greatest common divisor of 10 and i.
10
Let l = 128 - 110. Calculate the highest common divisor of l and 2.
2
Suppose 5*q = 6 + 9. Calculate the greatest common divisor of q and 21.
3
Suppose -3*t = -t + 18. Let q be (t/(-4))/(6/16). Let p(h) = -5*h**2 + 62*h. Let d be p(12). Calculate the greatest common factor of d and q.
6
Let m = -2 - -4. Suppose -s + m = -0. Suppose 2 + 10 = s*u. Calculate the highest common divisor of 3 and u.
3
Let r(m) = m**3 + 6*m**2 - 3*m - 8. Let o be r(-6). What is the greatest common divisor of 70 and o?
10
Let d be 1 - 5 - 1474/(-22). What is the highest common divisor of d and 21?
21
Suppose 2*i = 4*i + 92. Let c = -28 - i. Calculate the greatest common factor of c and 72.
18
Let y(a) = a**3 + 5*a**2 - 8*a + 4. Let t be y(-6). Calculate the greatest common divisor of t and 16.
16
Suppose -5*u + 2 = 7. Let t be 19 + 0 - (u + 2). What is the greatest common divisor of 12 and t?
6
Let m be (1600/10)/(-1*1/(-2)). Calculate the greatest common factor of 40 and m.
40
Let t be -33*-2*(-3)/(-18). Let f = 3 + t. What is the greatest common factor of f and 42?
14
Let p(v) = -v - 4. Let d be p(-7). Suppose d*j + j = 168. Calculate the greatest common divisor of j and 14.
14
Let b = 5 + 1. Calculate the greatest common divisor of 6 and b.
6
Let p = -89 - -199. Let t be (-8)/48 + (-122)/(-12). What is the greatest common factor of p and t?
10
Suppose 65 = 6*j - j. Let c be 2 + -1 - 3 - -3. Let m be 0 - 1/(c/(-26)). What is the highest common factor of j and m?
13
Suppose 7*l + 2*m = 2*l + 964, 3*l - 5*m = 566. Calculate the greatest common divisor of 48 and l.
48
Let k(l) = l**2. Let y be k(2). Let m = y - 3. Let v be 106/6 - m/(-3). What is the greatest common divisor of v and 27?
9
Let j be (-18745)/(-138) + 2/12. Calculate the greatest common divisor of j and 8.
8
Suppose 514 + 681 = 4*s - a, s = 4*a + 280. Calculate the highest common factor of s and 30.
30
Let p = 8 + -5. Let z be (p - 1)*-1 - -4. Suppose z*m + 2*q = 5*m - 172, -4*q = -m + 44. Calculate the greatest common factor of m and 12.
12
Let c(s) = -2*s**2 + 6*s + 7. Let y be ((-16)/1)/(-2) - 3. Let b be c(y). Let d be -1 - (1 + 3)*b. What is the greatest common divisor of 34 and d?
17
Let y(q) = -q**2 - q + 64. Let b be y(0). Let l be (2/4)/(1/4). Suppose l*o - 48 = t, 3*o + 2*t = b + 8. Calculate the highest common factor of 3 and o.
3
Let k be (2 - -9 - 1)/2. Suppose -f = k*r - 49, -r = 3*f - 9 + 2. Calculate the greatest common divisor of r and 80.
10
Suppose -i - 4*z + 20 = -0*i, 4*i - 36 = -5*z. Let u(f) = -3*f + 1 + 2*f**2 + f + 6*f**2 - i. Let w be u(-3). Calculate the greatest common factor of w and 15.
15
Suppose -2*s + 222 = g, -s - 2*s + 332 = g. Suppose -3*w + 52 = w. Let p = w - 3. Calculate the greatest common divisor of p and s.
10
Suppose 3*s - 6 = -4*c - 1, -10 = -3*s + c. Let v be (-19)/(-4) - s/4. Suppose 138 = v*a - t - 563, 6 = 2*t. Calculate the highest common divisor of a and 16.
16
Let m(z) be the second derivative of -z**3/3 - 3*z**2 + z. Let i be m(-6). Calculate the greatest common factor of 24 and i.
6
Suppose k + 12 = 24. Suppose 0 = 3*j - 4*i - 252, i + i - 84 = -j. What is the greatest common divisor of k and j?
12
Let n(g) = g + 24. Let q be n(-14). Calculate the highest common divisor of 10 and q.
10
Let y = 8 - 3. Suppose -d + 18 = -3*u, d - u - 8 = -0*d. Suppose 8 = -0*f + f - d*r, 0 = 4*f - 2*r - 72. What is the greatest common divisor of y and f?
5
Let j(s) = 2*s + 3. Let k be j(4). What is the highest common factor of k and 66?
11
Suppose 11*v = 4*v + 182. Suppose -g = -4*o - 5*g + 268, 0 = -5*o - g + 327. What is the highest common divisor of v and o?
13
Let r(q) = -8 - 5*q 